uppose -2*g + y = 2. Let z(k) = -k**g - 1 - k + 0 - 3*k. Calculate z(-5).
-6
Let f(u) be the second derivative of -u**3/6 - 3*u**2 - 49*u - 1. Determine f(-3).
-3
Let k(y) = -2*y + 5. Let c be k(2). Let a(h) = 24*h**2 - h**3 - 26*h**2 + c - 3*h + 6*h + 1. What is a(-2)?
-4
Let z(f) = -4*f + 5*f + 2*f**2 - 4*f + 3 + 5*f. Let k = 14 - 16. Give z(k).
7
Let h(l) be the second derivative of l**5/20 + l**4/3 - l**3/6 - l**2 + l. Suppose -4*n = -5*a + 21, 16*a = 5*n + 21*a + 15. Determine h(n).
2
Suppose -10*r + 25 = -15*r. Let n(k) = 2 + 4*k - k + 2*k**2 + 2*k + k**3 + 4*k**2. Give n(r).
2
Let b(k) = -2*k + 3. Let g(h) = 5*h + 11. Let i(v) = -4*b(v) - g(v). Calculate i(9).
4
Suppose 5*h = -4 + 14. Let n be ((-2)/(-4) + 1)*h. Let b be -1*(n + 0)/3. Let l(x) = 3*x**3 + x**2 + 2*x + 1. Calculate l(b).
-3
Let h(u) = -10*u + 4 - 14*u + 29*u + u**2 - 10*u. Calculate h(3).
-2
Let c = -70 - -70. Let s(u) = -4*u - 16 - u**2 + c - u + 4*u. Calculate s(0).
-16
Suppose 22*g - 4*g - 216 = 0. Let f(n) = -n + 7. Determine f(g).
-5
Let a(s) be the first derivative of s**2/2 - 7*s - 1544. Suppose 0 = h + 2*h - 21. Calculate a(h).
0
Let u(f) = f - 9. Let l(v) = 6*v**2 - 2*v + 2. Suppose 0 = -8*p + 4*p + 16. Let r be 10/p*(-2)/(-5). Let k be l(r). Give u(k).
-3
Let f(q) = -q**3 - q**2 + 7*q - 1. Let u be (-6)/(-21) - ((-46)/14)/(-1). Let t be f(u). Let c(d) = 3*d + 5. Give c(t).
-7
Suppose -5*i = -4*g + 9, 2*i + 7*g - 2 = 3*g. Let v(a) = 6*a**3 - 2*a**2 + 1. What is v(i)?
-7
Let r(i) = -i**3 + 2*i**2 + 4*i + 1. Let l = 32 + -75. Let n = 46 + l. What is r(n)?
4
Suppose -3 = v + b + 3, -4*v - 5*b - 29 = 0. Let y(t) = t**2 - 2*t - 1. Calculate y(v).
2
Let g(p) = -22*p**2 + 5*p + 8. Let f(d) = -20*d**2 + 4*d + 6. Let k(b) = 4*f(b) - 3*g(b). What is k(-1)?
-15
Let d(t) = -t**2 + 4*t + 4. Let s(n) = 7*n + 4. Let p(l) = -3*d(l) + 2*s(l). What is p(2)?
12
Let t(q) = q**2 - 17*q - 61 + 28*q + 71. Give t(-10).
0
Let w(b) = -b**3 + 5*b**2 - 4*b + 6. Let u = 40 + -37. Let d be ((-8)/4)/(u/(-6)). Give w(d).
6
Let r(a) = a**3 + 3*a**2 + 2*a. Let x be 28/21*(-30)/(-4). Suppose -2*c + 2*o - x = 4*o, -2*c = 3*o + 13. What is r(c)?
0
Let f(c) = -c**2 - 3*c + 6. Let j be f(-5). Let q be (j - 0) + 0 - -9. Let u(l) be the second derivative of -l**4/12 + 5*l**3/6 + 5*l**2/2 - l. What is u(q)?
5
Let r(k) = -k**2 - 2*k - 3. Let w = 58 + -64. Let z be (-1)/((-2)/8) + w. Give r(z).
-3
Let l = 89 - 79. Suppose 10 + l = -5*g. Let x(t) = t**3 + 6*t**2 + 7*t + 4. What is x(g)?
8
Let v(t) = -3*t + 1. Let j(b) = -3*b + 16. Let s(w) = j(w) - 2*v(w). Give s(-5).
-1
Let h(c) = -c - 6*c**3 + 174*c**2 + 184*c**2 - 361*c**2. Calculate h(-2).
38
Suppose 5*i - 41 = 3*q - 10, -q + 5*i = 17. Let u(v) = -v**2 - 4*v + 10. What is u(q)?
-11
Let u(l) = l**3 + 6*l**2 - 2*l - 7. Let d(o) = -o**2 + 4*o - 9. Let f be d(3). Calculate u(f).
5
Let l(i) = 5*i + 6. Suppose 31*t - 17 = 30*t. Suppose t*u - 40 = 25*u. Determine l(u).
-19
Let u(j) = -j**3 - 3*j**2 + 1. Let c(p) = -7*p - 11. Let w(r) = 6*r + 10. Let g(x) = -3*c(x) - 4*w(x). Let d be g(-11). Let q be (-1)/(-3) + d/(-6). Give u(q).
17
Let t(n) be the second derivative of n**3/6 - n**2 + 5*n + 8. Calculate t(-1).
-3
Let y(m) = 7*m**3 - 11*m**2 - 26*m + 60. Let t(b) = -4*b**3 + 6*b**2 + 13*b - 34. Let n(g) = -5*t(g) - 3*y(g). What is n(5)?
5
Let d(j) = j**2 + 6*j - 2. Let n(r) = 2*r**2 + 13*r - 3. Let o(i) = -9*d(i) + 4*n(i). Determine o(-5).
-9
Let p(g) = -g**2 - 57*g - 619. Let c be p(-15). Let j(t) = -t**2 + 11*t - 6. Give j(c).
-6
Let u be ((-8)/10)/(5/((-225)/6)). Let p(y) = 25*y**2 + 7*y - 1. Let j(s) = -51*s**2 - 15*s + 2. Let l(t) = u*j(t) + 13*p(t). What is l(1)?
19
Let g(f) = f**3 - 3*f**2 + 1. Suppose 2*z + 10 = 4*v, 0*z = -v + 3*z - 5. Suppose -3*h = -h - v*x, -5*h + x = -9. Give g(h).
-3
Let z(k) = -12 + 3*k + k**3 - 21*k + 31648*k**2 - 31632*k**2. What is z(-17)?
5
Suppose -3*k = -2*r, 6*k = 2*r + 10*k + 14. Let o(g) = 2*g**2 + g + 3. What is o(r)?
18
Suppose 20 = i + 4*y, 15 = 4*i - 3*i + 3*y. Let c be 0 - ((1 - 0) + i). Let a(h) = -23*h + 0*h**2 - 1 + 21*h + 6*h**2 + 2*h**2. Give a(c).
9
Suppose -16 = 2*r - 6*r. Let c(b) be the third derivative of -b**4/24 - 2*b**3/3 + 435*b**2. Determine c(r).
-8
Let n be 1/(-2)*(-10)/(-2)*2. Let u(o) = -o**2 - 2*o - 5. What is u(n)?
-20
Suppose -5*z + 7 = -3*x, 0 = -2*z + 7*x - 10*x + 7. Suppose j + 3 = 6. Suppose -p + z = j. Let s(k) = 14*k**3 + k**2. Determine s(p).
-13
Let c(q) = -2*q + 1. Suppose 0 = -5*x + 8*x - 12. Suppose 3*d - 15 = -x*t + 4*d, 0 = t - 2*d + 5. What is c(t)?
-9
Let r(v) be the second derivative of v**4/12 + 5*v**3/6 + 4*v**2 + 247*v. What is r(-3)?
2
Let r(t) = -t**2 - 5*t + 4. Let a be r(-5). Let p(b) = -b - 2 + 6*b - a*b. What is p(3)?
1
Suppose 0 - 20 = -j. Suppose -12*c - j = -17*c. Let p(y) = -6*y + 6. What is p(c)?
-18
Let l = -68 - -72. Suppose 2*j + l = 5*q - 7*q, -2*j = q. Let n(w) = 4*w - 3. What is n(j)?
5
Let h(q) = -14*q + 16 - 10*q - 8*q + 33*q. What is h(-7)?
9
Let g be 11/((-495)/(-150))*(-3)/2. Let o(i) = -i + 2. Give o(g).
7
Suppose -3*x = -0 + 27. Let c = x - -12. Let a(f) = 6*f - 7. Let t(b) = -5*b + 6. Let y(v) = 3*a(v) + 4*t(v). What is y(c)?
-3
Let v(b) = -b + 1. Let d(a) = 3*a - 4. Let g(n) = 2*d(n) + 7*v(n). Suppose 23 = -2*j + 33. Give g(j).
-6
Let u(v) = -3*v**3 - 9*v**2 - 9*v - 10. Let f(k) = 7*k**3 + 19*k**2 + 18*k + 21. Let d(r) = -2*f(r) - 5*u(r). Let l be (-3)/(((-1)/2)/(-1)). Calculate d(l).
-10
Let c(p) = -8*p**2 - 18*p + 9. Let x(f) = -f**2 - f + 1. Let r(z) = c(z) - 7*x(z). Calculate r(-6).
32
Suppose 5*k - 19 = -4*o, 0 = o + o - k - 13. Suppose -2*f - 5*j + 115 = 3*f, -3*j = o. Let t(a) = f*a - 27*a + 3*a**3 - 2*a**3. Calculate t(-2).
-4
Let y(w) = -10 - 166*w**2 - 8*w + 83*w**2 + 82*w**2. Calculate y(-7).
-3
Let y(m) = -m**3 - 6*m**2 - 3*m - 2. Suppose -15*k + 6*k - 54 = 0. What is y(k)?
16
Let g(p) be the third derivative of -p**5/60 - p**4/24 + p**3/6 + 64*p**2. Give g(-2).
-1
Let o(w) = -w**3 - 8*w - 5 - w - 8*w**2 + 2*w. Suppose -33 = -3*m + g, -2*m + 24 = m + 2*g. Let a = m + -17. Give o(a).
-5
Let s(j) = 2*j - 1. Let v(x) = -x**3 - 13*x**2 + 11*x - 33. Let t be v(-14). Suppose t*o + 38 = -7. What is s(o)?
-11
Let i(h) be the third derivative of -h**4/6 + h**3/2 - 5*h**2 - 2*h. Suppose 0 = 4*u - u - 12. Calculate i(u).
-13
Suppose 0 = -0*o - o + 1. Let v(t) be the third derivative of -t**5/60 - t**3/6 + 2127*t**2. What is v(o)?
-2
Let w(q) = 2*q + 1. Suppose -2*n - 2*f = -120, 5*n + 4*f = 235 + 65. Let x be (-26)/(-10) + 24/n. Suppose -x - 3 = k + z, 0 = 5*k - 5*z + 20. Determine w(k).
-9
Let u(w) = 7*w + 18. Let p(r) = -6*r - 17. Let v = -30 + 24. Let o(f) = v*p(f) - 5*u(f). Calculate o(-6).
6
Let q = -394 - -387. Let m(a) = 7*a + 7. Give m(q).
-42
Let g(a) = -9*a - 25. Let t be g(-11). Let z(u) = 0*u - 5*u**2 + 71 - t + 6*u**2 + 3*u. Calculate z(-5).
7
Let i(l) = -l**2 + 10*l - 6. Suppose 4*g = -12*g + 64. Suppose g*j = 37 - 5. Give i(j).
10
Let i(z) = z**3 - 18*z**2 + 5*z - 26. Let h(v) = 3*v**2 - v. Let d(k) = 6*h(k) + i(k). Let s(n) = -n**3 + 3*n**2 + 5*n - 4. Let g be s(4). Calculate d(g).
-26
Let t(a) = a**2 + 1. Let r = 109 - 73. Let k = 120 - 109. Suppose 2*c = 4*j + 10, -j + 5*c = r - k. Give t(j).
1
Let w = -1615 + 1619. Let c(t) = -13*t**3 + 19*t**2 + 7*t - 3. Let f(l) = 7*l**3 - 10*l**2 - 4*l + 2. Let i(u) = -6*c(u) - 11*f(u). Determine i(w).
4
Let q(f) be the third derivative of f**4/8 - 13*f**3/6 + 6*f**2 + 35*f. Give q(-8).
-37
Let v(s) be the second derivative of s**5/20 + s**4/2 + 7*s**3/6 + 3*s**2 - 7*s - 4. Give v(-5).
-4
Let u(w) = w**3 - 4*w**2 - 4. Let o be (-1)/((-5)/(-6)*33/(-110)). Calculate u(o).
-4
Let c(x) = 3*x**3 + 118*x**2 - 60*x**2 + 3*x**3 + 2 - 54*x**2 + 7*x. What is c(-1)?
-7
Let c(p) = 2*p**2 + 22*p + 65. Let r be c(-5). Let d(b) = b**3 - 4*b**2 - 8*b + 10. Determine d(r).
-5
Let t(r) = -5*r + 3. Let n = -16 - -11. Let x be t(n). Let f be 4/x - 27/(-7). Let q(o) = -2*o**2 + 4*o + 4. Calculate q(f).
-12
Let s(i) = -i**3 - i**3 + 5*i - 5 + i**3 - 48*i**2 + 43*i**2. Determine s(-6).
1
Suppose 33*m = 35*m + 10. Let h(y) = -1 + 0 + 8 - y**2 + 15*y - 18*y. What is h(m)?
-3
Let m(k) be the third derivative of -k**6/40 + k**5/20 + k**4/8 - k**3/2 + 3*k**2. Let g be m(2). Let z(i) = i**2 + 9*i - 5. Give z(g).
-5
Su